33
List the prime factors of 452337827.
452337827
What are the prime factors of 422246229?
3, 7507, 18749
What are the prime factors of 7208377?
11, 37, 89, 199
List the prime factors of 7455408585.
3, 5, 43, 67, 172519
List the prime factors of 460000931.
13, 2721899
List the prime factors of 180038351.
29, 6208219
What are the prime factors of 491875420?
2, 5, 19, 367, 3527
List the prime factors of 167714510.
2, 5, 1697, 9883
List the prime factors of 63713749.
11, 23, 251833
List the prime factors of 23538755.
5, 2011, 2341
List the prime factors of 481715698.
2, 229, 1051781
What are the prime factors of 178132532?
2, 44533133
What are the prime factors of 579717436?
2, 19, 211, 36151
List the prime factors of 76979205.
3, 5, 773, 2213
List the prime factors of 8920587.
3, 13, 228733
List the prime factors of 958686980.
2, 5, 61, 785809
What are the prime factors of 60623774?
2, 89, 340583
What are the prime factors of 399697298?
2, 7, 11, 13, 43, 4643
List the prime factors of 3808414166.
2, 1904207083
What are the prime factors of 1364291377?
1364291377
List the prime factors of 158263701.
3, 29, 1819123
What are the prime factors of 548526484?
2, 11, 12466511
What are the prime factors of 411847666?
2, 37, 5565509
List the prime factors of 1202000642.
2, 29, 79, 262331
List the prime factors of 22303535.
5, 373, 11959
List the prime factors of 3022612705.
5, 7, 113, 764251
What are the prime factors of 487877346?
2, 3, 11, 431, 5717
What are the prime factors of 46297651?
41, 1129211
List the prime factors of 5976174691.
47, 127152653
List the prime factors of 1578505584.
2, 3, 307, 107119
List the prime factors of 399883726.
2, 11, 29, 21613
What are the prime factors of 4132156154?
2, 7, 295154011
List the prime factors of 1885288161.
3, 223, 541, 5209
What are the prime factors of 17041613?
19, 896927
List the prime factors of 28425375.
3, 5, 11, 2297
List the prime factors of 23559986.
2, 557, 21149
What are the prime factors of 3539686898?
2, 11, 1567, 102677
List the prime factors of 927385222.
2, 19979, 23209
What are the prime factors of 25618682?
2, 113, 113357
List the prime factors of 133138709.
11, 107, 113117
What are the prime factors of 3079111090?
2, 5, 11, 173, 239, 677
What are the prime factors of 663421926?
2, 3, 110570321
List the prime factors of 245851852.
2, 61462963
List the prime factors of 539578263.
3, 7, 29, 886007
List the prime factors of 127100268.
2, 3, 3530563
List the prime factors of 233866368.
2, 3, 89, 2281
What are the prime factors of 60108866?
2, 3391, 8863
List the prime factors of 534056490.
2, 3, 5, 11, 5449
List the prime factors of 192012431.
13, 14770187
What are the prime factors of 1620224633?
9461, 171253
What are the prime factors of 515034094?
2, 257517047
What are the prime factors of 3120578954?
2, 1560289477
List the prime factors of 2802817989.
3, 193, 1613597
What are the prime factors of 348896905?
5, 7, 19, 241, 311
What are the prime factors of 250838973?
3, 7, 11, 361961
List the prime factors of 340734489.
3, 23, 4938181
What are the prime factors of 261483793?
283, 923971
List the prime factors of 3005625.
3, 5, 7, 229
List the prime factors of 12399841.
967, 12823
List the prime factors of 27295691.
3467, 7873
List the prime factors of 290343822.
2, 3, 48390637
What are the prime factors of 3688998439?
7, 1051, 501427
List the prime factors of 4730471665.
5, 271, 3491123
What are the prime factors of 5992354475?
5, 11197, 21407
List the prime factors of 3507501015.
3, 5, 25981489
What are the prime factors of 452995429?
41, 643, 17183
What are the prime factors of 37587236?
2, 9396809
What are the prime factors of 63078189?
3, 21026063
List the prime factors of 534987723.
3, 6133, 29077
List the prime factors of 20724895.
5, 31, 133709
List the prime factors of 61926724.
2, 127, 139, 877
List the prime factors of 131379248.
2, 7, 11, 13, 631
What are the prime factors of 10062400?
2, 5, 19, 331
What are the prime factors of 3815652307?
59, 227, 284899
List the prime factors of 123664610.
2, 5, 41, 89, 3389
What are the prime factors of 105416040?
2, 3, 5, 878467
What are the prime factors of 3325814146?
2, 38729, 42937
What are the prime factors of 265990254?
2, 3, 241, 183949
List the prime factors of 235605651.
3, 78535217
What are the prime factors of 5088009802?
2, 4903, 518867
What are the prime factors of 139897729?
113, 1238033
What are the prime factors of 484264406?
2, 47, 193, 26693
List the prime factors of 128616965.
5, 1117, 23029
List the prime factors of 683660850.
2, 3, 5, 19, 97, 2473
What are the prime factors of 40385216?
2, 311, 2029
What are the prime factors of 1409869916?
2, 7, 13, 23, 29, 5807
List the prime factors of 848628239.
241, 251, 14029
What are the prime factors of 33715793?
33715793
List the prime factors of 49350968.
2, 107, 57653
What are the prime factors of 41950430?
2, 5, 863, 4861
List the prime factors of 2041044711.
3, 79, 229, 37607
What are the prime factors of 1464855654?
2, 3, 19, 149, 86239
List the prime factors of 579985176.
2, 3, 1021, 23669
What are the prime factors of 573010503?
3, 13, 83, 177019
List the prime factors of 904660804.
2, 37, 191, 32003
List the prime factors of 73948316.
2, 13, 109391
List the prime factors of 21758091.
3, 29, 449, 557
List the prime factors of 47979254.
2, 103, 283, 823
What are the prime factors of 831940231?
79, 1471, 7159
List the prime factors of 687671337.
3, 229223779
What are the prime factors of 644252095?
5, 19, 1877, 3613
List the prime factors of 14994363.
3, 19, 29, 47, 193
List the prime factors of 12053911.
593, 20327
List the prime factors of 15554974.
2, 7777487
List the prime factors of 58398970.
2, 5, 7, 19, 2311
List the prime factors of 827634912.
2, 3, 13, 139, 367
What are the prime factors of 2069532512?
2, 64672891
List the prime factors of 8526336211.
1907, 4471073
List the prime factors of 1269223393.
89, 199, 71663
What are the prime factors of 1696134827?
281, 6036067
List the prime factors of 23277474.
2, 3, 11, 117563
List the prime factors of 274452976.
2, 7, 37, 103, 643
What are the prime factors of 40485950?
2, 5, 809719
What are the prime factors of 1026724351?
593, 1731407
List the prime factors of 18239207.
7, 23, 113287
List the prime factors of 129923858.
2, 109, 595981
What are the prime factors of 18675641?
18675641
List the prime factors of 203631791.
11, 193, 95917
List the prime factors of 30667643.
17, 43, 41953
List the prime factors of 214371420.
2, 3, 5, 3572857
What are the prime factors of 989180?
2, 5, 49459
What are the prime factors of 244197002?
2, 7, 17442643
List the prime factors of 1355563482.
2, 3, 7, 13, 2482717
List the prime factors of 5280962.
2, 1613, 1637
What are the prime factors of 266091378?
2, 3, 7, 17, 372677
List the prime factors of 204216477.
3, 151, 450809
What are the prime factors of 171975918?
2, 3, 28662653
List the prime factors of 157826516.
2, 79, 173, 2887
What are the prime factors of 9742904238?
2, 3, 17, 95518669
List the prime factors of 2291230109.
7, 4027, 81281
What are the prime factors of 1579014385?
5, 13, 24292529
What are the prime factors of 3519701812?
2, 11, 29, 37, 74551
What are the prime factors of 1509020563?
1509020563
List the prime factors of 2901282166.
2, 59, 101, 243437
List the prime factors of 132577317.
3, 1636757
What are the prime factors of 629444110?
2, 5, 71, 886541
What are the prime factors of 642699053?
11261, 57073
List the prime factors of 241803099.
3, 26867011
List the prime factors of 3347168393.
61, 5843, 9391
List the prime factors of 266762365.
5, 47, 1135159
List the prime factors of 2002701494.
2, 23, 31, 1404419
List the prime factors of 856376120.
2, 5, 53, 403951
What are the prime factors of 3389317054?
2, 211, 8031557
List the prime factors of 133044377.
133044377
List the prime factors of 397247171.
281, 1413691
List the prime factors of 714314608.
2, 7, 997, 6397
What are the prime factors of 3898209286?
2, 1949104643
What are the prime factors of 341213408?
2, 37, 97, 2971
What are the prime factors of 166283746?
2, 83141873
List the prime factors of 467498026.
2, 233749013
List the prime factors of 8603887.
17, 101, 5011
What are the prime factors